u**2 + 5*u + 1. Determine d(-5).
-74
Let u(x) = 2*x**2 + 20*x + 18. What is u(-9)?
0
Let q(u) = -5*u. Give q(1).
-5
Let g(k) = -2*k**2 - 5*k - 3. What is g(-3)?
-6
Let n(g) = g**3 + 10*g**2 - 23*g + 10. What is n(-12)?
-2
Let b(c) = 3*c**2 + 51*c - 9. Calculate b(-17).
-9
Let a(g) = -3*g**2 - 5*g - 6. Determine a(-2).
-8
Let w(f) = 4*f**2 - f. Give w(2).
14
Let r(s) = -2*s**2 + 68*s - 370. Calculate r(27).
8
Let z(b) = -b**2 + 7*b - 1. Calculate z(6).
5
Let h(o) = -3*o - 40. Calculate h(-12).
-4
Let f(w) = -w**3 - 9*w**2 - 8*w + 5. Determine f(-8).
5
Let a(z) = -z**2 + 10*z - 5. What is a(11)?
-16
Let t(c) = -c**3 + 6*c**2 + c - 3. Give t(6).
3
Let u(l) = -l**2 - 2*l + 9. Calculate u(3).
-6
Let t(r) = -r**2 + 10*r - 12. Determine t(8).
4
Let y(n) = n**3 + 7*n**2 + 9*n + 16. What is y(-6)?
-2
Let m(s) = -s**3 - s**2 - s + 18. Determine m(0).
18
Let o(d) = d**3 - 7*d**2 + 5*d + 7. Determine o(7).
42
Let j(r) = r**3 - r**2 - 2*r + 29. Give j(0).
29
Let j(b) = -22*b + 2. What is j(2)?
-42
Let u(c) = c + 8. What is u(-9)?
-1
Let a(z) = -z**3 - 7*z**2 - 5*z - 1. Calculate a(-4).
-29
Let j(l) = l**3 + 7*l**2 + 7*l - 1. Determine j(-2).
5
Let n(w) = 46*w + 23. What is n(-1)?
-23
Let s(t) = -5*t**3 - t**2 - 2*t - 3. Calculate s(-1).
3
Let i(o) = -2*o**2 + 3*o - 4. Calculate i(5).
-39
Let j(t) = t**3 - 8*t**2 + 14*t + 3. Determine j(4).
-5
Let i(b) = b**2 - 7*b - 4. Calculate i(0).
-4
Let u(i) = 3*i**2 - 3*i - 6. Determine u(-4).
54
Let d(c) = -c**3 - 6*c**2 + 6*c + 9. What is d(-7)?
16
Let f(g) = -g**3 - 8*g**2 + g + 6. Determine f(-8).
-2
Let a(j) = j**3 + 7*j**2 + 9*j - 3. What is a(-5)?
2
Let p(v) = -5*v + 27. What is p(7)?
-8
Let y(s) = s**3 - 5*s**2 + 3*s - 1. Determine y(4).
-5
Let r(p) = -p**2 + 18*p - 90. What is r(10)?
-10
Let g(p) = -p**3 + 2*p**2 + 6*p + 6. What is g(-4)?
78
Let b(s) = -s**3 + 25*s**2 - 33*s + 201. Determine b(24).
-15
Let f(u) = 2*u**2 - 14*u - 2. Give f(5).
-22
Let n(q) = q**3 + 8*q**2 + 8*q + 5. Determine n(-6).
29
Let r(u) = -u**2 + 5*u + 12. What is r(7)?
-2
Let j(h) = -2*h**2 + 22*h - 3. What is j(11)?
-3
Let k(u) = u**2 + 16*u - 98. What is k(6)?
34
Let f(m) = 3*m + 95. Determine f(-39).
-22
Let p(h) = h**3 + 4*h**2 - 4*h + 2. Give p(2).
18
Let n(u) = -2*u**3 + 5*u**2 - 9*u + 10. Give n(2).
-4
Let y(o) = -9*o + 34. Calculate y(4).
-2
Let d(a) = -a**3 + 2*a**2 + 13*a + 1. Give d(-5).
111
Let z(p) = p**3 - 9*p**2 - 11*p - 9. Give z(10).
-19
Let w(n) = -n**2 - 16*n - 28. Calculate w(-10).
32
Let u(n) = -10*n - 13. Calculate u(-4).
27
Let l(v) = v**3 - 37*v**2 + 74*v - 135. Calculate l(35).
5
Let l(f) = -f**2 - 11*f + 127. Calculate l(-18).
1
Let l(o) = -25*o**2 + 2*o + 1. What is l(2)?
-95
Let j(b) = 2*b**3 - 5*b**2 + 6*b - 2. Calculate j(2).
6
Let u(b) = -b + 12. Determine u(10).
2
Let s(v) = v**3 + 6*v**2 - 2*v - 1. Determine s(-6).
11
Let k(z) = -z**2 - z - 1. Determine k(-5).
-21
Let o(k) = -k**3 + k**2 + 2*k + 4. Give o(-3).
34
Let c(a) = a**3 - 5*a**2 - a - 3. Give c(3).
-24
Let j(g) = g + 5. Calculate j(10).
15
Let r(a) = -2*a + 6. What is r(3)?
0
Let d(i) = 23*i. Give d(1).
23
Let u(s) = s**2 - 2*s - 4. Determine u(5).
11
Let v(h) = -h**3 + 17*h**2 + 21*h - 44. Give v(18).
10
Let v(i) = -i**2 + 2. Give v(-4).
-14
Let b(p) = p**2 - 10*p - 25. What is b(10)?
-25
Let n(v) = v**3 - 17*v**2 + 16*v + 27. Determine n(16).
27
Let n(v) = 7*v**2 - 2*v - 3. Calculate n(-2).
29
Let z(j) = j**3 - 6*j**2 - 5*j + 3. Determine z(7).
17
Let r(l) = 3*l**2 + 34*l - 26. Give r(-12).
-2
Let h(a) = -a**3 - 8*a**2 - 12. Give h(-9).
69
Let l(p) = p + 8. Give l(-10).
-2
Let i(w) = -22*w - 179. Determine i(-8).
-3
Let s(y) = -33*y + 325. Calculate s(10).
-5
Let x(y) = -y**3 - 4*y**2 + 2*y - 4. What is x(-4)?
-12
Let v(m) = -m**2 - 25*m + 2. Calculate v(-25).
2
Let h(r) = r**2 + 5*r - 16. Give h(-5).
-16
Let t(p) = -2*p + 25. What is t(15)?
-5
Let k(q) = -q**2 + 11*q - 21. Give k(9).
-3
Let d(u) = -2*u**3 + 9*u**2 + 6*u - 23. Give d(5).
-18
Let k(x) = -2*x**2 - 2*x + 7. What is k(3)?
-17
Let j(u) = -2*u**3 + 4*u**2 + 5*u - 10. Calculate j(4).
-54
Let x(o) = -3*o + 28. What is x(-12)?
64
Let i(l) = 9*l**2 - 3*l + 4. Give i(1).
10
Let f(l) = l**2 + 9*l - 38. Calculate f(-12).
-2
Let q(a) = -12*a - 15. Give q(-3).
21
Let b(h) = 5*h + 108. What is b(-17)?
23
Let n(j) = j**2 - 8*j + 6. What is n(7)?
-1
Let o(y) = 2*y**2 + 20*y - 139. What is o(-15)?
11
Let d(j) = -j - 21. What is d(-10)?
-11
Let v(a) = a - 32. Calculate v(19).
-13
Let t(m) = 6*m - 6. Determine t(6).
30
Let c(b) = b**3 - 13*b**2 - 12*b - 17. Give c(14).
11
Let r(w) = -6*w**2 + 2*w + 1. What is r(-1)?
-7
Let v(f) = -f**3 + 11*f**2 - 5*f + 6. What is v(5)?
131
Let g(d) = -d**2 - 7*d + 54. Calculate g(-12).
-6
Let l(k) = -k**3 + 32*k**2 - 57*k - 102. Give l(30).
-12
Let y(j) = j**3 + 4*j**2 - j + 3. What is y(-5)?
-17
Let w(a) = a + 8. Determine w(-11).
-3
Let m(g) = g + 22. Give m(-20).
2
Let p(k) = k**3 + 14*k**2 - k - 13. Calculate p(-14).
1
Let b(q) = q - 14. Give b(7).
-7
Let y(n) = -n**3 - 6*n**2 - 2*n + 4. Calculate y(-5).
-11
Let s(y) = y**3 - 4*y**2 - 8*y + 2. Give s(6).
26
Let h(r) = -r + 7. Determine h(9).
-2
Let c(m) = m - 3. Calculate c(-3).
-6
Let c(j) = j**3 + 9*j**2 - 16*j - 61. What is c(-10)?
-1
Let k(i) = -i**2 + 6*i - 7. Determine k(3).
2
Let w(o) = -3*o - 71. Determine w(21).
-134
Let t(y) = -y**2 - 8*y - 6. Give t(-8).
-6
Let q(d) = -25*d + 105. Calculate q(7).
-70
Let l(a) = 2*a + 13. Calculate l(-6).
1
Let o(j) = 32*j - 8. Give o(2).
56
Let s(p) = -5*p - 51. Determine s(-9).
-6
Let m(g) = -g**2 - 4*g + 12. What is m(-6)?
0
Let n(t) = t**3 + 13*t**2 - 14*t - 5. Determine n(-14).
-5
Let t(q) = -q**2 - 2*q + 30. Determine t(-7).
-5
Let z(d) = -12*d + 7. What is z(7)?
-77
Let k(m) = 2*m. Give k(2).
4
Let b(w) = -w**2 + 30*w - 146. Calculate b(6).
-2
Let f(q) = -15*q + 193. Determine f(13).
-2
Let d(n) = n**2 - 18*n - 45. Calculate d(20).
-5
Let j(u) = -6*u + 66. Give j(11).
0
Let y(o) = -o**3 - 4*o**2 - 4*o + 12. Give y(-5).
57
Let l(p) = p**3 + 9*p**2 - 4*p - 3. Determine l(-4).
93
Let w(s) = 2*s**3 + 4*s**2 + s - 12. Calculate w(-3).
-33
Let b(s) = 4*s**3 - 30*s**2 - 15*s - 4. Calculate b(8).
4
Let a(q) = -q**2 + 3*q - 2. Calculate a(3).
-2
Let a(k) = -k**3 + k**2 + k + 1. Give a(0).
1
Let x(s) = -16*s + 15. Calculate x(1).
-1
Let y(z) = 3*z - 1. Calculate y(-10).
-31
Let m(u) = -u**3 - 6*u**2 - 6*u - 6. Determine m(-4).
-14
Let g(t) = t**2 + 9*t + 3. What is g(-12)?
39
Let b(t) = -2*t + 5. What is b(3)?
-1
Let x(g) = g**2 - 12*g - 4. Determine x(14).
24
Let g(y) = y**3 + 9*y**2 - 16*y - 208. Give g(-7).
2
Let f(y) = -y**2 - 12*y - 8. Determine f(-9).
19
Let x(y) = 11*y + 48. Give x(-6).
-18
Let b(m) = -16*m**3 + 2*m - 1. What is b(1)?
-15
Let j(c) = c**2 - 29*c + 91. Calculate j(26).
13
Let a(i) = -i**3 - 8*i**2 - 9. Give a(-8).
-9
Let n(m) = m - 1. What is n(0)?
-1
Let j(t) = -t**3 - 27*t**2 + 2*t + 58. Determine j(-27).
4
Let y(w) = -2*w - 51. Give y(10).
-71
Let g(m) = m**3 + 32*m**2 + 85*m - 50. What is g(-29)?
8
Let w(f) = -f**3 + 9*f**2 - 17*f + 10. Give w(7).
-11
Let g(l) = 8*l - 29. What is g(5)?
11
Let u(b) = -21*b - 43. Determine u(-2).
-1
Let m(h) = -h**3 + 7*h**2 + 6*h + 13. Calculate m(8).
-3
Let d(o) = o**3 - 9*o**2 + 12*o - 16. What is d(8)?
16
Let a(u) = -3*u**2 - 70*u + 55. What is a(-24)?
7
Let v(h) = 2*h**3 + h + 1. Determine v(2).
19
Let y(p) = -p**2 - 10*p - 23. What is y(-7)?
-2
Let k(v) = -62*v**3 - v**2 + 2*v - 2. What is k(1)?
-63
Let n(m) = m**3 + 18*m**2 + 3*m + 57. Calculate n(-18).
3
Let u(o) = -2*o**3 + 4*o**2 + 6*o - 8. Give u(4).
-48
Let x(o) = 12*o - 16. Calculate x(-9).
-124
Let q(b) = b**3 - 14*b**2 + 15*b + 7. Give q(13).
33
Let t(r) = -r - 6. Determine t(-10).
4
Let z(i) = -i**3 - 25*i**2 + 2*i + 59. Determine z(-25).
9
Let t(d) = -d**2 - 3. Determine t(3).
-12
Let v(b) = -b**3 - 9*b**2 + 12. Give v(-9).
12
Let a(s) = 5*s**2 - 2*s + 2. What is a(1)?
5
Let c(s) = -19*s + 35. Calculate c(10).
-155
Let y(n) = n**2 + 2*n + 6. What is y(-5)?
21
Let x(c) = c**3 + 5*c**2 - 8*c - 7. Determine x(-6).
5
Let c(f) = -f**3 + 12*f**2 + 14*f - 18. Calculate c(13).
-5
Let w(r) = -5*r + 15. Calculate w(4).
-5
Let l(x) = 3*x**2 + 13*x + 28. Determine l(-3).
16
Let t(o) = -16*o - 270. What is t(-18)?
18
Let a(i) = -i**3 + 10*i**2 - 3*i 